[INFO] fetching crate blondie 0.4.1...
[INFO] checking blondie-0.4.1 against master#e6e4f7ed1589e03bc2f6c5931c1a72e7947e8682 for beta-170-4
[INFO] extracting crate blondie 0.4.1 into /workspace/builds/worker-7-tc2/source
[INFO] validating manifest of crates.io crate blondie 0.4.1 on toolchain e6e4f7ed1589e03bc2f6c5931c1a72e7947e8682
[INFO] running `Command { std: CARGO_HOME="/workspace/cargo-home" RUSTUP_HOME="/workspace/rustup-home" "/workspace/cargo-home/bin/cargo" "+e6e4f7ed1589e03bc2f6c5931c1a72e7947e8682" "metadata" "--manifest-path" "Cargo.toml" "--no-deps", kill_on_drop: false }`
[INFO] started tweaking crates.io crate blondie 0.4.1
[INFO] finished tweaking crates.io crate blondie 0.4.1
[INFO] tweaked toml for crates.io crate blondie 0.4.1 written to /workspace/builds/worker-7-tc2/source/Cargo.toml
[INFO] crate crates.io crate blondie 0.4.1 already has a lockfile, it will not be regenerated
[INFO] running `Command { std: CARGO_HOME="/workspace/cargo-home" RUSTUP_HOME="/workspace/rustup-home" "/workspace/cargo-home/bin/cargo" "+e6e4f7ed1589e03bc2f6c5931c1a72e7947e8682" "fetch" "--manifest-path" "Cargo.toml", kill_on_drop: false }`
[INFO] running `Command { std: "docker" "create" "-v" "/var/lib/crater-agent-workspace/builds/worker-7-tc2/target:/opt/rustwide/target:rw,Z" "-v" "/var/lib/crater-agent-workspace/builds/worker-7-tc2/source:/opt/rustwide/workdir:ro,Z" "-v" "/var/lib/crater-agent-workspace/cargo-home:/opt/rustwide/cargo-home:ro,Z" "-v" "/var/lib/crater-agent-workspace/rustup-home:/opt/rustwide/rustup-home:ro,Z" "-e" "SOURCE_DIR=/opt/rustwide/workdir" "-e" "CARGO_TARGET_DIR=/opt/rustwide/target" "-e" "CARGO_HOME=/opt/rustwide/cargo-home" "-e" "RUSTUP_HOME=/opt/rustwide/rustup-home" "-w" "/opt/rustwide/workdir" "-m" "1610612736" "--user" "0:0" "--network" "none" "ghcr.io/rust-lang/crates-build-env/linux@sha256:19e73879b68f455e41552ea35293514db52ea292d993f571636dbffedb77a1ee" "/opt/rustwide/cargo-home/bin/cargo" "+e6e4f7ed1589e03bc2f6c5931c1a72e7947e8682" "metadata" "--no-deps" "--format-version=1", kill_on_drop: false }`
[INFO] [stdout] 0f9af93b9da3743632713f1b940f5059af6d87c481c6442a730e3ed40d6d2097
[INFO] running `Command { std: "docker" "start" "-a" "0f9af93b9da3743632713f1b940f5059af6d87c481c6442a730e3ed40d6d2097", kill_on_drop: false }`
[INFO] running `Command { std: "docker" "inspect" "0f9af93b9da3743632713f1b940f5059af6d87c481c6442a730e3ed40d6d2097", kill_on_drop: false }`
[INFO] running `Command { std: "docker" "rm" "-f" "0f9af93b9da3743632713f1b940f5059af6d87c481c6442a730e3ed40d6d2097", kill_on_drop: false }`
[INFO] [stdout] 0f9af93b9da3743632713f1b940f5059af6d87c481c6442a730e3ed40d6d2097
[INFO] running `Command { std: "docker" "create" "-v" "/var/lib/crater-agent-workspace/builds/worker-7-tc2/target:/opt/rustwide/target:rw,Z" "-v" "/var/lib/crater-agent-workspace/builds/worker-7-tc2/source:/opt/rustwide/workdir:ro,Z" "-v" "/var/lib/crater-agent-workspace/cargo-home:/opt/rustwide/cargo-home:ro,Z" "-v" "/var/lib/crater-agent-workspace/rustup-home:/opt/rustwide/rustup-home:ro,Z" "-e" "SOURCE_DIR=/opt/rustwide/workdir" "-e" "CARGO_TARGET_DIR=/opt/rustwide/target" "-e" "CARGO_INCREMENTAL=0" "-e" "RUST_BACKTRACE=full" "-e" "RUSTFLAGS=--cap-lints=forbid" "-e" "RUSTDOCFLAGS=--cap-lints=forbid" "-e" "CARGO_HOME=/opt/rustwide/cargo-home" "-e" "RUSTUP_HOME=/opt/rustwide/rustup-home" "-w" "/opt/rustwide/workdir" "-m" "1610612736" "--user" "0:0" "--network" "none" "ghcr.io/rust-lang/crates-build-env/linux@sha256:19e73879b68f455e41552ea35293514db52ea292d993f571636dbffedb77a1ee" "/opt/rustwide/cargo-home/bin/cargo" "+e6e4f7ed1589e03bc2f6c5931c1a72e7947e8682" "check" "--frozen" "--all" "--all-targets" "--message-format=json", kill_on_drop: false }`
[INFO] [stdout] 8f797e2bf5de3a9da9629a356f390e9484ef45df89667d82ce79a08fa2884df8
[INFO] running `Command { std: "docker" "start" "-a" "8f797e2bf5de3a9da9629a356f390e9484ef45df89667d82ce79a08fa2884df8", kill_on_drop: false }`
[INFO] [stderr]    Compiling log v0.4.17
[INFO] [stderr]     Checking once_cell v1.17.0
[INFO] [stderr]    Compiling cc v1.0.79
[INFO] [stderr]     Checking bytes v1.4.0
[INFO] [stderr]    Compiling futures-core v0.3.26
[INFO] [stderr]     Checking spin v0.5.2
[INFO] [stderr]     Checking untrusted v0.7.1
[INFO] [stderr]    Compiling crc32fast v1.3.2
[INFO] [stderr]    Compiling futures-task v0.3.26
[INFO] [stderr]    Compiling proc-macro2 v1.0.51
[INFO] [stderr]    Compiling tokio v1.25.0
[INFO] [stderr]    Compiling futures-util v0.3.26
[INFO] [stderr]     Checking socket2 v0.4.7
[INFO] [stderr]     Checking fnv v1.0.7
[INFO] [stderr]     Checking adler v1.0.2
[INFO] [stderr]     Checking futures-sink v0.3.26
[INFO] [stderr]    Compiling httparse v1.8.0
[INFO] [stderr]    Compiling futures-channel v0.3.26
[INFO] [stderr]     Checking hashbrown v0.12.3
[INFO] [stderr]     Checking miniz_oxide v0.6.2
[INFO] [stderr]     Checking tinyvec_macros v0.1.1
[INFO] [stderr]     Checking tracing-core v0.1.30
[INFO] [stderr]     Checking pin-utils v0.1.0
[INFO] [stderr]    Compiling syn v1.0.107
[INFO] [stderr]     Checking alloc-no-stdlib v2.0.4
[INFO] [stderr]    Compiling rustls v0.20.8
[INFO] [stderr]     Checking tinyvec v1.6.0
[INFO] [stderr]     Checking alloc-stdlib v0.2.2
[INFO] [stderr]     Checking mio v0.8.5
[INFO] [stderr]     Checking try-lock v0.2.4
[INFO] [stderr]     Checking http v0.2.8
[INFO] [stderr]    Compiling serde v1.0.152
[INFO] [stderr]     Checking form_urlencoded v1.1.0
[INFO] [stderr]     Checking want v0.3.0
[INFO] [stderr]     Checking brotli-decompressor v2.3.4
[INFO] [stderr]     Checking flate2 v1.0.25
[INFO] [stderr]     Checking tracing v0.1.37
[INFO] [stderr]     Checking unicode-bidi v0.3.10
[INFO] [stderr]     Checking tower-service v0.3.2
[INFO] [stderr]     Checking indexmap v1.9.2
[INFO] [stderr]     Checking httpdate v1.0.2
[INFO] [stderr]     Checking time-core v0.1.0
[INFO] [stderr]     Checking base64 v0.21.0
[INFO] [stderr]     Checking smallvec v1.10.0
[INFO] [stderr]     Checking time v0.3.17
[INFO] [stderr]     Checking dirs-sys v0.3.7
[INFO] [stderr]     Checking encoding_rs v0.8.32
[INFO] [stderr]     Checking fallible-iterator v0.2.0
[INFO] [stderr]     Checking stable_deref_trait v1.2.0
[INFO] [stderr]     Checking rustls-pemfile v1.0.2
[INFO] [stderr]     Checking ipnet v2.7.1
[INFO] [stderr]    Compiling quote v1.0.23
[INFO] [stderr]     Checking inplace-vec-builder v0.1.1
[INFO] [stderr]     Checking mime v0.3.16
[INFO] [stderr]     Checking lzxd v0.1.4
[INFO] [stderr]     Checking binary-merge v0.1.2
[INFO] [stderr]     Checking uuid v1.3.0
[INFO] [stderr]     Checking http-body v0.4.5
[INFO] [stderr]     Checking scroll v0.11.0
[INFO] [stderr]     Checking range-collections v0.2.4
[INFO] [stderr]     Checking elsa v1.7.0
[INFO] [stderr]     Checking cab v0.4.1
[INFO] [stderr]     Checking dirs v4.0.0
[INFO] [stderr]     Checking unicode-normalization v0.1.22
[INFO] [stderr]     Checking memmap2 v0.5.8
[INFO] [stderr]     Checking maybe-owned v0.3.4
[INFO] [stderr]     Checking windows-targets v0.42.1
[INFO] [stderr]     Checking object v0.30.3
[INFO] [stderr]    Compiling ring v0.16.20
[INFO] [stderr]     Checking pdb v0.8.0
[INFO] [stderr]     Checking windows v0.44.0
[INFO] [stderr]     Checking brotli v3.3.4
[INFO] [stderr]     Checking idna v0.3.0
[INFO] [stderr]     Checking url v2.3.1
[INFO] [stderr]    Compiling thiserror-impl v1.0.38
[INFO] [stderr]     Checking serde_urlencoded v0.7.1
[INFO] [stderr]     Checking thiserror v1.0.38
[INFO] [stderr]     Checking pdb-addr2line v0.10.4
[INFO] [stderr]     Checking tokio-util v0.7.4
[INFO] [stderr]     Checking webpki v0.22.0
[INFO] [stderr]     Checking sct v0.7.0
[INFO] [stderr]     Checking webpki-roots v0.22.6
[INFO] [stderr]     Checking h2 v0.3.15
[INFO] [stderr]     Checking async-compression v0.3.15
[INFO] [stderr]     Checking tokio-rustls v0.23.4
[INFO] [stderr]     Checking hyper v0.14.24
[INFO] [stderr]     Checking hyper-rustls v0.23.2
[INFO] [stderr]     Checking reqwest v0.11.14
[INFO] [stderr]     Checking symsrv v0.2.0
[INFO] [stderr]     Checking blondie v0.4.1 (/opt/rustwide/workdir)
[INFO] [stdout] error[E0433]: failed to resolve: could not find `windows` in `os`
[INFO] [stdout]   --> src/lib.rs:44:14
[INFO] [stdout]    |
[INFO] [stdout] 44 | use std::os::windows::{ffi::OsStringExt, prelude::AsRawHandle};
[INFO] [stdout]    |              ^^^^^^^ could not find `windows` in `os`
[INFO] [stdout] 
[INFO] [stdout] 
[INFO] [stdout] error[E0433]: failed to resolve: could not find `windows` in `os`
[INFO] [stdout]   --> src/lib.rs:44:14
[INFO] [stdout]    |
[INFO] [stdout] 44 | use std::os::windows::{ffi::OsStringExt, prelude::AsRawHandle};
[INFO] [stdout]    |              ^^^^^^^ could not find `windows` in `os`
[INFO] [stdout] 
[INFO] [stdout] 
[INFO] [stdout] error[E0433]: failed to resolve: could not find `windows` in `os`
[INFO] [stdout]    --> src/lib.rs:573:18
[INFO] [stdout]     |
[INFO] [stdout] 573 |     use std::os::windows::process::CommandExt;
[INFO] [stdout]     |                  ^^^^^^^ could not find `windows` in `os`
[INFO] [stdout] 
[INFO] [stdout] 
[INFO] [stdout] error[E0433]: failed to resolve: could not find `windows` in `os`
[INFO] [stdout]    --> src/lib.rs:573:18
[INFO] [stdout]     |
[INFO] [stdout] 573 |     use std::os::windows::process::CommandExt;
[INFO] [stdout]     |                  ^^^^^^^ could not find `windows` in `os`
[INFO] [stdout] 
[INFO] [stdout] 
[INFO] [stdout] error[E0599]: no method named `as_raw_handle` found for mutable reference `&mut Child` in the current scope
[INFO] [stdout]    --> src/lib.rs:346:65
[INFO] [stdout]     |
[INFO] [stdout] 346 |     let target_proc_handle = clone_handle(HANDLE(target_process.as_raw_handle() as isize))?;
[INFO] [stdout]     |                                                                 ^^^^^^^^^^^^^ method not found in `&mut Child`
[INFO] [stdout] 
[INFO] [stdout] 
[INFO] [stdout] error[E0599]: no method named `as_raw_handle` found for mutable reference `&mut Child` in the current scope
[INFO] [stdout]    --> src/lib.rs:346:65
[INFO] [stdout]     |
[INFO] [stdout] 346 |     let target_proc_handle = clone_handle(HANDLE(target_process.as_raw_handle() as isize))?;
[INFO] [stdout]     |                                                                 ^^^^^^^^^^^^^ method not found in `&mut Child`
[INFO] [stdout] 
[INFO] [stdout] 
[INFO] [stdout] error[E0599]: no function or associated item named `from_wide` found for struct `OsString` in the current scope
[INFO] [stdout]    --> src/lib.rs:375:48
[INFO] [stdout]     |
[INFO] [stdout] 375 |             let filename_os_string = OsString::from_wide(std::slice::from_raw_parts(
[INFO] [stdout]     |                                                ^^^^^^^^^ function or associated item not found in `OsString`
[INFO] [stdout] 
[INFO] [stdout] 
[INFO] [stdout] error[E0599]: no function or associated item named `from_wide` found for struct `OsString` in the current scope
[INFO] [stdout]    --> src/lib.rs:375:48
[INFO] [stdout]     |
[INFO] [stdout] 375 |             let filename_os_string = OsString::from_wide(std::slice::from_raw_parts(
[INFO] [stdout]     |                                                ^^^^^^^^^ function or associated item not found in `OsString`
[INFO] [stdout] 
[INFO] [stdout] 
[INFO] [stdout] error[E0599]: no method named `creation_flags` found for struct `Command` in the current scope
[INFO] [stdout]    --> src/lib.rs:578:10
[INFO] [stdout]     |
[INFO] [stdout] 577 |       let mut proc = command
[INFO] [stdout]     |  ____________________-
[INFO] [stdout] 578 | |         .creation_flags(CREATE_SUSPENDED.0)
[INFO] [stdout]     | |         -^^^^^^^^^^^^^^ method not found in `Command`
[INFO] [stdout]     | |_________|
[INFO] [stdout]     | 
[INFO] [stdout] 
[INFO] [stdout] 
[INFO] [stdout] error[E0599]: no method named `creation_flags` found for struct `Command` in the current scope
[INFO] [stdout]    --> src/lib.rs:578:10
[INFO] [stdout]     |
[INFO] [stdout] 577 |       let mut proc = command
[INFO] [stdout]     |  ____________________-
[INFO] [stdout] 578 | |         .creation_flags(CREATE_SUSPENDED.0)
[INFO] [stdout]     | |         -^^^^^^^^^^^^^^ method not found in `Command`
[INFO] [stdout]     | |_________|
[INFO] [stdout]     | 
[INFO] [stdout] 
[INFO] [stdout] 
[INFO] [stdout] error: aborting due to 5 previous errors
[INFO] [stdout] 
[INFO] [stdout] 
[INFO] [stdout] Some errors have detailed explanations: E0433, E0599.
[INFO] [stdout] 
[INFO] [stdout] For more information about an error, try `rustc --explain E0433`.
[INFO] [stdout] 
[INFO] [stdout] error: aborting due to 5 previous errors
[INFO] [stdout] 
[INFO] [stdout] 
[INFO] [stdout] Some errors have detailed explanations: E0433, E0599.
[INFO] [stdout] 
[INFO] [stdout] For more information about an error, try `rustc --explain E0433`.
[INFO] [stdout] 
[INFO] [stderr] error: could not compile `blondie` (lib test) due to 6 previous errors
[INFO] [stderr] warning: build failed, waiting for other jobs to finish...
[INFO] [stderr] error: could not compile `blondie` (lib) due to 6 previous errors
[INFO] running `Command { std: "docker" "inspect" "8f797e2bf5de3a9da9629a356f390e9484ef45df89667d82ce79a08fa2884df8", kill_on_drop: false }`
[INFO] running `Command { std: "docker" "rm" "-f" "8f797e2bf5de3a9da9629a356f390e9484ef45df89667d82ce79a08fa2884df8", kill_on_drop: false }`
[INFO] [stdout] 8f797e2bf5de3a9da9629a356f390e9484ef45df89667d82ce79a08fa2884df8
